1*q**2 - 35*q + 4. Let y(t) = -15*t**2 + 8*t - 1. Let n(g) = -2*j(g) - 9*y(g). Suppose -3 = -6*w + 3. Calculate n(w).
12
Let g be 42*((-133)/(-42) - 3). Let q(v) be the second derivative of -v**5/20 + 3*v**4/4 - 13*v**3/6 - 5*v**2/2 + 5*v - 24. What is q(g)?
2
Let a be 2 + -1 + 2 - 0. Let g(j) be the first derivative of -j**3/3 + j**2 + 2*j - 17644. Give g(a).
-1
Suppose 86*a + 475 = 26*a - 35*a. Let d(u) = u**2 + 52*u + 225. Give d(a).
-10
Let f(l) = l**2 + 16*l + 6. Let o(m) = -3*m**2 - 47*m - 17. Let c(n) = -11*f(n) - 4*o(n). Suppose -42 = 7*z + 35. Determine c(z).
-9
Let q(l) = -l - 37. Let j(i) = -7*i - 47. Let n(b) = j(b) - q(b). Give n(1).
-16
Let t(s) = -260 + 141 - s**2 + 39*s + 156 + 2*s**2. What is t(-38)?
-1
Let q(i) = 4*i + 16. Let u(h) = -2*h - 13. Let a(c) = 5*q(c) + 6*u(c). Suppose -3*n + v = n - 4, 2*n + 5*v - 24 = 0. What is a(n)?
18
Let m(z) = -z**3 + 23*z**2 - 3*z + 16. Let b(n) = 3*n**3 - 43*n**2 + 7*n - 30. Let x(u) = -3*b(u) - 5*m(u). What is x(3)?
10
Let y(r) = -29*r**3 - 56*r**2 + 61*r - 55. Let v(x) = 18*x**3 + 37*x**2 - 40*x + 37. Let n(c) = 8*v(c) + 5*y(c). Determine n(15).
21
Let v(b) = -b**2 - 2. Let z(m) = 3*m**2 - 3 - 4*m + 10 - 3 - 2*m**2. Let c be z(4). Suppose -c*f - f - 15 = 0. Determine v(f).
-11
Let a(v) = -6 - 4*v - 16*v**3 + 15*v**3 - 24*v**2 + 41*v**2 + 0 - 23*v**2. Give a(-6).
18
Let v(h) = 5*h - 103. Let c(q) = -8*q + 160. Let l(r) = 3*c(r) + 5*v(r). Give l(28).
-7
Let m(w) be the second derivative of w**5/20 - 11*w**4/12 + w**3/2 + 12*w**2 - 4*w - 368. Calculate m(10).
-46
Let g(r) = 2*r + 7. Suppose -93*v = -4*t - 90*v - 24, -4*t + 8 = v. Determine g(t).
7
Let j = 1615 - 1610. Let v(o) = 14*o - 6. What is v(j)?
64
Let j = -248 - -248. Suppose j*h = -10*h + 90. Let g(o) = -o**3 + 10*o**2 - 11*o + 10. What is g(h)?
-8
Let m be ((-10)/4)/((-15)/12). Suppose 12 = -m*p + 4*x - 16, 2*x + 6 = -4*p. Let r(q) = -q**3 - 2*q**2 + 8*q + 1. Give r(p).
1
Let l(o) = o - 19. Let y be l(3). Let d be 2 + (2 - y/(-4)) - 3. Let i be (-33)/d*(11 + -10). Let r(f) = f**2 - 12*f + 12. Determine r(i).
1
Let h(m) = -m**2 - 25*m - 35. Let a be h(-23). Let q(x) be the first derivative of x**3/3 - 5*x**2 - 15*x + 8. What is q(a)?
-4
Let b = 317 + -320. Let z(v) be the third derivative of v**4/24 - 5*v**3/6 - 22*v**2. Give z(b).
-8
Let g = -1 - 0. Let r(y) be the third derivative of -y**6/120 + y**4/12 + y**3/6 - 53905*y**2. Calculate r(g).
0
Let z(g) = 2*g**2 - 17*g - 336. Let y be z(18). Let b(k) = 3*k**2 - 13*k - 8. Determine b(y).
22
Let t(u) = 5*u**2 + 10*u - 3. Suppose -r + 3*y + 16 = 2, -4*y = 16. Let h(v) = 12*v**2 + 21*v - 7. Let i(o) = r*h(o) - 5*t(o). Give i(-7).
8
Let b(h) = 4*h**3 - 30*h**2 + 19*h - 30. Suppose 35 = -5*w - 5*w + 15*w. What is b(w)?
5
Let d(l) be the first derivative of 8*l**3 - 167*l**2/2 - 11*l + 7100. What is d(7)?
-4
Let x(r) = 2 - r - 572*r**2 - 5 - 1 + 571*r**2 - 6*r. Determine x(-6).
2
Let b(o) = -4*o**2 + 76*o + 41 - 71 - 152*o + 78*o + 32. Let a = 7 + -5. What is b(a)?
-10
Let k(v) be the second derivative of 0 - v**3 + 5*v + 3/2*v**2. Suppose 5*h - a = 6*h - 5, 3*h = 5*a - 1. Calculate k(h).
-15
Let a(h) = -h**3 - 5*h**2 - 12. Let u be 48/(-84) - (-38)/(-7) - (-1 - -1). Calculate a(u).
24
Let l(v) = 20*v - 3. Suppose 2 + 7 = 9*k. Let c(n) = -n + 1. Let m(x) = k*l(x) - 4*c(x). Let s(r) = 12*r - 3. Let p(o) = -2*m(o) + 5*s(o). What is p(1)?
11
Let a(p) = 127*p**2 - 20*p + 21. Let h(v) = -109*v**2 + 18*v - 20. Let s(l) = -6*a(l) - 7*h(l). What is s(-6)?
86
Let x(s) = -10*s + 7. Let d(b) = b + 6*b + 16 - 15*b - 15*b. Let h(a) = 2*d(a) - 5*x(a). Give h(2).
5
Let s(a) = a**2 - 11*a + 16. Suppose -z - 4*n + 1 = -0*z, -4*n + 10 = 2*z. Let t be s(z). Let v be (-2)/4 - (5/t - -2). Let o(f) = -f**3 + 5. Give o(v).
5
Let m(s) = 11*s**3 + 81*s**2 - 13*s + 64. Let q(u) = 7*u**3 + 54*u**2 - 8*u + 43. Let z(f) = 5*m(f) - 8*q(f). Calculate z(-27).
3
Let l(i) = 3*i - 3*i**2 + 11 + 3*i + 2*i**2. Let t(r) = -638*r - 5096. Let y be t(-8). Give l(y).
-5
Suppose 13*t = -6*t - 33*t - 3*t. Let b(l) = -2*l - 30. What is b(t)?
-30
Let t(k) be the third derivative of -k**5/60 - k**4/8 + 77*k**3/6 + 5352*k**2. Determine t(5).
37
Let w = 124 + -121. Let y be w/(-2)*((-95)/(-15) - -1). Let f(g) = g + 12. Calculate f(y).
1
Let m be (0 - 6)*(-3 - -2). Suppose -5*n + 21 = 4*p, -p + 4*n + 4 = p. Let o(v) = -p + 2 + v**2 + 6 + 0 - 6*v. Give o(m).
4
Let v(t) = -t**2 + 5*t - 10. Suppose 95*r = 81*r - 2408. Let b = 176 + r. What is v(b)?
-6
Let u(v) = 6*v - 18. Suppose 22*r + 5*o = 21*r + 33, -6*r + 5*o = -23. Determine u(r).
30
Let u(h) be the third derivative of 3*h**4/8 + 2*h**3/3 + 707*h**2. Let i(d) = d - 17. Let w be i(14). Determine u(w).
-23
Let i(x) = x**2 - 8. Let t be (-3)/(-2*(1 - 4) - 7). What is i(t)?
1
Let d(z) = z**2 - 9*z - 1. Suppose 6*r = 10*r + s - 64, -r - 5*s = -35. Let p be ((-2 - -9) + 2)/(15/r). Determine d(p).
-1
Suppose 91*d - 86*d - 10 = 0. Let c(y) = -878*y - y**2 + 2*y**d - 873*y + 1757*y. Calculate c(-4).
-8
Let z be -10*1*(9 - 8). Let y be -1*(z + 12/4). Let x(b) = y*b**2 - b + 2*b - 2*b**2 - 6*b**2. Determine x(-3).
-12
Suppose -3*g = d - 10, -3*g - 1 = -d - 9. Let p(q) = 4 - 4*q**3 + 756*q**2 + 5*q**g - 752*q**2 + 5*q. Calculate p(-3).
-2
Let p(j) = -2*j**2 + 4 + 1 - j**2 - 7*j + j**3. Suppose 2*i - 4*i + 2 = 3*z, i - 19 = 3*z. Suppose -5*f - i = -32. What is p(f)?
20
Let h(s) = -s**2 + 8*s - 5. Let g = 6928 + -6925. What is h(g)?
10
Let r(h) be the second derivative of 7*h**3/6 - 234*h. Let o(k) be the second derivative of k**3/6 - 2*k. Let l(c) = 2*o(c) - r(c). What is l(-1)?
5
Let m(d) be the third derivative of d**6/120 + d**5/60 - d**4/4 + d**3 + 261*d**2 + 2. Calculate m(2).
6
Let s(m) = m**2 + 7*m + 1. Let w(p) = -6 - 2536*p**2 - 2537*p**2 + 4*p + 5072*p**2. Suppose -12 = c - 4*c. Let z be w(c). Give s(z).
-5
Let j(b) = -20*b + 10*b + 10*b**2 + 11 - 2*b**3 + 3*b**3 - 2*b**3. Let m be j(9). Let p(a) = 2 + 0*a + m*a - 3*a. Determine p(4).
-2
Suppose -24 = 11*p - 79. Suppose p*q + 3 - 5 = 4*m, 5*q = -10. Let v(o) = -4 - 2*o - 2*o + 2*o - 2*o**2 - o**3. Determine v(m).
11
Let x(l) = -133*l**2 + 7*l + 13. Let h be x(-2). Let w = h - -527. Let j(p) = 0*p**3 - 5*p**2 + 5*p + 3*p**3 - 4*p**3 - 5. Calculate j(w).
1
Let s(i) = -10*i + 33*i + 24*i**2 - 9*i + 2 - 9*i - 7*i. Calculate s(1).
24
Let w(k) = 0*k**2 + k**2 + 6*k + 2*k**2 - 6*k**2 + 8. Let q(g) = g**2. Let b(y) = 2*q(y) + w(y). Let n be (7/3)/((-171)/(-513)). Give b(n).
1
Let t(k) be the second derivative of -82*k + 4*k**2 - 1/12*k**4 + 0 + 2/3*k**3. Let b(w) = 2*w - 12. Let s be b(9). Calculate t(s).
-4
Let b(q) be the second derivative of q**5/20 - 7*q**4/12 - 10*q**3/3 + 8*q**2 + 3*q + 165. What is b(9)?
-2
Let b = -161 - -165. Let g(v) = 155*v**2 - b*v - 154*v**2 + 1 - 7. What is g(5)?
-1
Let d(m) = 3*m - 3. Let b(u) = -u**2 + 16*u - 33. Let s be b(10). Let f = s - 33. Let q be 26/f - (-1)/3. Calculate d(q).
-15
Suppose -3 = -3*x + 3. Let y be -4 + (14 - (-2 - 0)). Let a(o) = 6*o**2 + 9*o**x - y*o + 0*o**2 + o**3 - 5*o**2 - 9. Determine a(-11).
2
Let y(s) = s**3 - 6*s**2 + 6*s + 4. Suppose 2*f = 0, f = -4*l - l + 15. Suppose -5*m + 76 = -3*q + 7*q, -l*m - 19 = -q. Suppose 13*z + 30 = q*z. Give y(z).
9
Let h(j) be the third derivative of -j**4/6 - j**3/2 - 2*j**2. Let t = -28 + 34. Suppose 0 = 5*c - 2*f + 35, 4 = 2*f - t. What is h(c)?
17
Let r(g) = -2*g - 2 + 3*g**2 - 4*g**2 - 4*g. Let p be 0 + (-2*2)/(30/(-840)). Suppose 110*q = p*q + 10. What is r(q)?
3
Let f(x) = 5*x**2 + 23*x + 84. Let d(n) = -7*n**2 - 35*n - 119. Let v(a) = 7*d(a) + 10*f(a). Determine v(15).
7
Let c(k) = k**2 - k - 20. Let u(j) = j + 17. Suppose -10*p - 96 = -2*p. Let t be u(p). Suppose g - 1 = 2*w - 4, -t*w + 5*g + 15 = 0. What is c(w)?
-20
Let i be ((-2)/7 + 96/42)*4. Let k(v) be the third derivative of -v**4/12 + 2*v**3 + 5*v**2. What is k(i)?
-4
Let p(j) be the first derivative of j**2/2 - 5*j + 6641. What is p(4)?
-1
Let x(w) = -w**3 - 12*w**2 - 10*w + 12. Let j be 2/(-4)*(-12 + 6) + -9. Let p be (j/4)/((-6)/(-44)). Determine x(p).
1
Suppose -445*d + 84 = -443*d. Let g be (-208)/(-56) - (-12)/d. Let l(h) = -h**2 + 5*h. What is l(g)?
4
Let i be 150/10 + (45/(-27))/(1/3). Let d(n) = n**3 - 9*n**2 - 11*n - 24. What is d(i)?
-34
Let i(q) = 25*q - 65*q + 3*q**